{"id":34,"date":"2021-02-22T14:10:41","date_gmt":"2021-02-22T13:10:41","guid":{"rendered":"https:\/\/www.spectreone.fr\/?page_id=34"},"modified":"2021-05-11T15:26:12","modified_gmt":"2021-05-11T13:26:12","slug":"colibri-wp","status":"publish","type":"page","link":"https:\/\/www.spectreone.fr\/","title":{"rendered":"Accueil"},"content":{"rendered":"<div data-colibri-id=\"34-c1\" class=\"style-189 style-local-34-c1 position-relative\">\n  <!---->\n  <div data-colibri-component=\"section\" data-colibri-id=\"34-c2\" id=\"overlappable\" class=\"h-section h-section-global-spacing d-flex align-items-lg-center align-items-md-center align-items-center style-190 style-local-34-c2 position-relative\">\n    <!---->\n    <!---->\n    <div class=\"h-section-grid-container h-section-boxed-container\">\n      <!---->\n      <div data-colibri-id=\"34-c3\" class=\"h-row-container gutters-row-lg-0 gutters-row-md-0 gutters-row-2 gutters-row-v-lg-2 gutters-row-v-md-2 gutters-row-v-2 style-191 style-local-34-c3 position-relative\">\n        <!---->\n        <div class=\"h-row justify-content-lg-center justify-content-md-center justify-content-center align-items-lg-stretch align-items-md-stretch align-items-stretch gutters-col-lg-0 gutters-col-md-0 gutters-col-2 gutters-col-v-lg-2 gutters-col-v-md-2 gutters-col-v-2\">\n          <!---->\n          <div class=\"h-column h-column-container d-flex h-col-lg-3 h-col-md-3 h-col-12 style-192-outer style-local-34-c4-outer\">\n            <div data-colibri-id=\"34-c4\" class=\"d-flex h-flex-basis h-column__inner h-px-lg-3 h-px-md-3 h-px-2 v-inner-lg-3 v-inner-md-3 v-inner-2 style-192 style-local-34-c4 position-relative\">\n              <!---->\n              <!---->\n              <div class=\"w-100 h-y-container h-column__content h-column__v-align flex-basis-100 align-self-lg-center align-self-md-center align-self-center\">\n                <!---->\n                <div data-colibri-id=\"34-c5\" class=\"h-icon style-193 style-local-34-c5 position-relative h-element\">\n                  <!----><span class=\"h-svg-icon h-icon__icon style-193-icon style-local-34-c5-icon\"><!--Icon by Font Awesome (https:\/\/fontawesome.com)--><svg version=\"1.1\" xmlns=\"http:\/\/www.w3.org\/2000\/svg\" xmlns:xlink=\"http:\/\/www.w3.org\/1999\/xlink\" id=\"codepen\" viewBox=\"0 0 1792 1896.0833\"><path d=\"M216 1169l603 402v-359L485 989zm-62-144l193-129-193-129v258zm819 546l603-402-269-180-334 223v359zm-77-493l272-182-272-182-272 182zM485 803l334-223V221L216 623zm960 93l193 129V767zm-138-93l269-180-603-402v359zm485-180v546q0 41-34 64l-819 546q-21 13-43 13t-43-13L34 1233q-34-23-34-64V623q0-41 34-64L853 13q21-13 43-13t43 13l819 546q34 23 34 64z\"><\/path><\/svg><\/span><\/div>\n                <div\n                  data-colibri-id=\"34-c6\" class=\"h-global-transition-all h-heading style-194 style-local-34-c6 position-relative h-element\">\n                  <!---->\n                  <div class=\"h-heading__outer style-194 style-local-34-c6\">\n                    <!---->\n                    <!---->\n                    <h5 class=\"\">ARTISTIQUE <\/h5>\n                  <\/div>\n              <\/div>\n              <div data-colibri-id=\"34-c7\" class=\"h-text h-text-component style-195 style-local-34-c7 position-relative h-element\">\n                <!---->\n                <!---->\n                <div class=\"\">\n                  <p>L&rsquo;\u00e9l\u00e9gance, la f\u00e9erie d&rsquo;un ciel de nuit chor\u00e9graphi\u00e9.\n                    <br>\n                  <\/p>\n                <\/div>\n              <\/div>\n            <\/div>\n          <\/div>\n        <\/div>\n        <div class=\"h-column h-column-container d-flex h-col-lg-3 h-col-md-3 h-col-12 style-192-outer style-local-34-c8-outer\">\n          <div data-colibri-id=\"34-c8\" class=\"d-flex h-flex-basis h-column__inner h-px-lg-3 h-px-md-3 h-px-2 v-inner-lg-3 v-inner-md-3 v-inner-2 style-192 style-local-34-c8 position-relative\">\n            <!---->\n            <!---->\n            <div class=\"w-100 h-y-container h-column__content h-column__v-align flex-basis-100 align-self-lg-center align-self-md-center align-self-center\">\n              <!---->\n              <div data-colibri-id=\"34-c9\" class=\"h-icon style-193 style-local-34-c9 position-relative h-element\">\n                <!----><span class=\"h-svg-icon h-icon__icon style-193-icon style-local-34-c9-icon\"><!--Icon by Font Awesome (https:\/\/fontawesome.com)--><svg version=\"1.1\" xmlns=\"http:\/\/www.w3.org\/2000\/svg\" xmlns:xlink=\"http:\/\/www.w3.org\/1999\/xlink\" id=\"star-half-empty\" viewBox=\"0 0 1664 1896.0833\"><path d=\"M1186 957l257-250-356-52-66-10-30-60-159-322v963l59 31 318 168-60-355-12-66zm452-262l-363 354 86 500q5 33-6 51.5t-34 18.5q-17 0-40-12l-449-236-449 236q-23 12-40 12-23 0-34-18.5t-6-51.5l86-500L25 695q-32-32-23-59.5T56 601l502-73L783 73q20-41 49-41 28 0 49 41l225 455 502 73q45 7 54 34.5t-24 59.5z\"><\/path><\/svg><\/span><\/div>\n              <div\n                data-colibri-id=\"34-c10\" class=\"h-global-transition-all h-heading style-194 style-local-34-c10 position-relative h-element\">\n                <!---->\n                <div class=\"h-heading__outer style-194 style-local-34-c10\">\n                  <!---->\n                  <!---->\n                  <h5 class=\"\">GRANDIOSE<\/h5>\n                <\/div>\n            <\/div>\n            <div data-colibri-id=\"34-c11\" class=\"h-text h-text-component style-195 style-local-34-c11 position-relative h-element\">\n              <!---->\n              <!---->\n              <div class=\"\">\n                <p>Levons les yeux au ciel comme \u00e0&nbsp;la premi\u00e8re fois.\n                  <br>\n                <\/p>\n              <\/div>\n            <\/div>\n          <\/div>\n        <\/div>\n      <\/div>\n      <div class=\"h-column h-column-container d-flex h-col-lg-3 h-col-md-3 h-col-12 style-192-outer style-local-34-c12-outer\">\n        <div data-colibri-id=\"34-c12\" class=\"d-flex h-flex-basis h-column__inner h-px-lg-3 h-px-md-3 h-px-2 v-inner-lg-3 v-inner-md-3 v-inner-2 style-192 style-local-34-c12 position-relative\">\n          <!---->\n          <!---->\n          <div class=\"w-100 h-y-container h-column__content h-column__v-align flex-basis-100 align-self-lg-center align-self-md-center align-self-center\">\n            <!---->\n            <div data-colibri-id=\"34-c13\" class=\"h-icon style-193 style-local-34-c13 position-relative h-element\">\n              <!----><span class=\"h-svg-icon h-icon__icon style-193-icon style-local-34-c13-icon\"><!--Icon by Font Awesome (https:\/\/fontawesome.com)--><svg version=\"1.1\" xmlns=\"http:\/\/www.w3.org\/2000\/svg\" xmlns:xlink=\"http:\/\/www.w3.org\/1999\/xlink\" id=\"binoculars\" viewBox=\"0 0 1792 1896.0833\"><path d=\"M704 320v768q0 26-19 45t-45 19v576q0 26-19 45t-45 19H64q-26 0-45-19t-19-45v-512l249-873q7-23 31-23h424zm320 0v704H768V320h256zm768 896v512q0 26-19 45t-45 19h-512q-26 0-45-19t-19-45v-576q-26 0-45-19t-19-45V320h424q24 0 31 23zM736 32v224H384V32q0-14 9-23t23-9h288q14 0 23 9t9 23zm672 0v224h-352V32q0-14 9-23t23-9h288q14 0 23 9t9 23z\"><\/path><\/svg><\/span><\/div>\n            <div\n              data-colibri-id=\"34-c14\" class=\"h-global-transition-all h-heading style-194 style-local-34-c14 position-relative h-element\">\n              <!---->\n              <div class=\"h-heading__outer style-194 style-local-34-c14\">\n                <!---->\n                <!---->\n                <h5 class=\"\">NOVATEUR<\/h5>\n              <\/div>\n          <\/div>\n          <div data-colibri-id=\"34-c15\" class=\"h-text h-text-component style-195 style-local-34-c15 position-relative h-element\">\n            <!---->\n            <!---->\n            <div class=\"\">\n              <p>Nous inventons, r\u00e9inventons le ciel et faisons r\u00eaver vos publics.\n                <br>\n              <\/p>\n            <\/div>\n          <\/div>\n        <\/div>\n      <\/div>\n    <\/div>\n    <div class=\"h-column h-column-container d-flex h-col-lg-3 h-col-md-3 h-col-12 style-196-outer style-local-34-c16-outer\">\n      <div data-colibri-id=\"34-c16\" class=\"d-flex h-flex-basis h-column__inner h-px-lg-3 h-px-md-3 h-px-2 v-inner-lg-3 v-inner-md-3 v-inner-2 style-196 style-local-34-c16 position-relative\">\n        <!---->\n        <!---->\n        <div class=\"w-100 h-y-container h-column__content h-column__v-align flex-basis-100 align-self-lg-center align-self-md-center align-self-center\">\n          <!---->\n          <div data-colibri-id=\"34-c17\" class=\"h-icon style-193 style-local-34-c17 position-relative h-element\">\n            <!----><span class=\"h-svg-icon h-icon__icon style-193-icon style-local-34-c17-icon\"><!--Icon by Font Awesome (https:\/\/fontawesome.com)--><svg version=\"1.1\" xmlns=\"http:\/\/www.w3.org\/2000\/svg\" xmlns:xlink=\"http:\/\/www.w3.org\/1999\/xlink\" id=\"pagelines\" viewBox=\"0 0 1408 1896.0833\"><path d=\"M1402 1103q-32 80-76 138t-91 88.5-99 46.5-101.5 14.5-96.5-8.5-86.5-22-69.5-27.5-46-22.5l-17-10q-113 228-289.5 359.5T45 1792q-19 0-32-13t-13-32 13-31.5 32-12.5q173-1 322.5-107.5T619 1301q-36 14-72 23t-83 13-91-2.5-93-28.5-92-59-84.5-100T29 1001q114-47 214-57t167.5 7.5T535 1008t88.5 77 56.5 82q53-131 79-291-7 1-18 2.5t-46.5 2.5-69.5-.5-81.5-10-88.5-23-84-42.5-75-65-54.5-94.5T213 518q70-28 133.5-36.5t112.5 1 92 30 73.5 50 56 61 42 63 27.5 56 16 39.5l4 16q12-122 12-195-8-6-21.5-16t-49-44.5T648 471t-54-93-33-112.5 12-127T643 0q73 25 127.5 61.5T855 138t48 85 20.5 89-.5 85.5-13 76.5-19 62-17 42l-7 15q1 4 1 50t-1 72q3-7 10-18.5t30.5-43 50.5-58 71-55.5 91.5-44.5 112-14.5 132.5 24q-2 78-21.5 141.5t-50 104.5-69.5 71.5-81.5 45.5-84.5 24-80 9.5-67.5-1T864 896l-17-3q-23 147-73 283 6-7 18-18.5t49.5-41T919 1064t99.5-42 117.5-20 129 23.5 137 77.5z\"><\/path><\/svg><\/span><\/div>\n          <div\n            data-colibri-id=\"34-c18\" class=\"h-global-transition-all h-heading style-194 style-local-34-c18 position-relative h-element\">\n            <!---->\n            <div class=\"h-heading__outer style-194 style-local-34-c18\">\n              <!---->\n              <!---->\n              <h5 class=\"\">ECOLOGIQUE<\/h5>\n            <\/div>\n        <\/div>\n        <div data-colibri-id=\"34-c19\" class=\"h-text h-text-component style-195 style-local-34-c19 position-relative h-element\">\n          <!---->\n          <!---->\n          <div class=\"\">\n            <p><span style=\"font-weight: 400; font-size: 16px; font-family: Open Sans; color: rgb(70, 112, 127);\">Notre objectif : z\u00e9ro pollution et pas d&rsquo;impact durable. <br><\/span><\/p>\n          <\/div>\n        <\/div>\n      <\/div>\n    <\/div>\n  <\/div>\n<\/div>\n<\/div>\n<\/div>\n<\/div>\n<div data-colibri-component=\"section\" data-colibri-id=\"34-c20\" id=\"about\" class=\"h-section h-section-global-spacing d-flex align-items-lg-center align-items-md-center align-items-center style-197 style-local-34-c20 position-relative\">\n  <!---->\n  <!---->\n  <div class=\"h-section-grid-container h-section-boxed-container\">\n    <!---->\n    <div data-colibri-id=\"34-c21\" class=\"h-row-container gutters-row-lg-0 gutters-row-md-0 gutters-row-0 gutters-row-v-lg-0 gutters-row-v-md-0 gutters-row-v-0 style-198 style-local-34-c21 position-relative\">\n      <!---->\n      <div class=\"h-row justify-content-lg-center justify-content-md-center justify-content-center align-items-lg-stretch align-items-md-stretch align-items-stretch gutters-col-lg-0 gutters-col-md-0 gutters-col-0 gutters-col-v-lg-0 gutters-col-v-md-0 gutters-col-v-0\">\n        <!---->\n        <div class=\"h-column h-column-container d-flex h-col-lg-auto h-col-md-auto h-col-auto style-199-outer style-local-34-c22-outer\">\n          <div data-colibri-id=\"34-c22\" class=\"d-flex h-flex-basis h-column__inner h-px-lg-0 h-px-md-0 h-px-0 v-inner-lg-0 v-inner-md-0 v-inner-0 style-199 style-local-34-c22 position-relative\">\n            <!---->\n            <!---->\n            <div class=\"w-100 h-y-container h-column__content h-column__v-align flex-basis-100 align-self-lg-start align-self-md-start align-self-start\">\n              <!---->\n              <div data-colibri-id=\"34-c23\" class=\"h-global-transition-all h-heading style-200 style-local-34-c23 position-relative h-element\">\n                <!---->\n                <div class=\"h-heading__outer style-200 style-local-34-c23\">\n                  <!---->\n                  <!---->\n                  <h5 class=\"\">Marquez les esprits<\/h5>\n                <\/div>\n              <\/div>\n              <div data-colibri-id=\"34-c24\" class=\"h-global-transition-all h-heading style-201 style-local-34-c24 position-relative h-element\">\n                <!---->\n                <div class=\"h-heading__outer style-201 style-local-34-c24\">\n                  <!---->\n                  <!---->\n                  <h3 class=\"\">Art et technologie n&rsquo;ont jamais fait si bon m\u00e9nage.<\/h3>\n                <\/div>\n              <\/div>\n              <div data-colibri-id=\"34-c25\" class=\"h-text h-text-component style-202 style-local-34-c25 position-relative h-element\">\n                <!---->\n                <!---->\n                <div class=\"\">\n                  <h3>Nous vous proposons un exceptionnel voyage dans nos ciels de nuit. Nous construisons pour vous des spectacles nocturnes fantastiques pour tous vos publics professionnels, publics, priv\u00e9s et pour particuliers.\n                    <br>\n                  <\/h3>\n                  <p>\n                    <br>\n                  <\/p>\n                <\/div>\n              <\/div>\n            <\/div>\n          <\/div>\n        <\/div>\n        <div class=\"h-column h-column-container d-flex h-col-lg-auto h-col-md-auto h-col-auto style-203-outer style-local-34-c26-outer\">\n          <div data-colibri-id=\"34-c26\" class=\"d-flex h-flex-basis h-column__inner h-ui-empty-state-container h-px-lg-2 h-px-md-2 h-px-2 v-inner-lg-2 v-inner-md-2 v-inner-2 style-203 style-local-34-c26 position-relative\">\n            <!---->\n            <!---->\n            <div class=\"w-100 h-y-container h-column__content h-column__v-align flex-basis-100\">\n              <!---->\n            <\/div>\n          <\/div>\n        <\/div>\n      <\/div>\n    <\/div>\n    <div data-colibri-id=\"34-c27\" class=\"h-row-container gutters-row-lg-2 gutters-row-md-2 gutters-row-0 gutters-row-v-lg-2 gutters-row-v-md-2 gutters-row-v-2 style-321 style-local-34-c27 position-relative\">\n      <!---->\n      <div class=\"h-row justify-content-lg-center justify-content-md-center justify-content-center align-items-lg-stretch align-items-md-stretch align-items-stretch gutters-col-lg-2 gutters-col-md-2 gutters-col-0 gutters-col-v-lg-2 gutters-col-v-md-2 gutters-col-v-2\">\n        <!---->\n        <div class=\"h-column h-column-container d-flex h-col-lg-3 h-col-md-3 h-col-12 style-322-outer style-local-34-c28-outer\">\n          <div data-colibri-id=\"34-c28\" class=\"d-flex h-flex-basis h-column__inner h-px-lg-2 h-px-md-2 h-px-2 v-inner-lg-2 v-inner-md-2 v-inner-2 style-322 style-local-34-c28 position-relative\">\n            <!---->\n            <!---->\n            <div class=\"w-100 h-y-container h-column__content h-column__v-align flex-basis-100 align-self-lg-center align-self-md-center align-self-center\">\n              <!---->\n              <div data-colibri-id=\"34-c29\" class=\"h-x-container style-323 style-local-34-c29 position-relative h-element\">\n                <!---->\n                <div class=\"h-x-container-inner style-dynamic-34-c29-group style-323-spacing style-local-34-c29-spacing\"><span class=\"h-link__outer style-324-outer style-local-34-c30-outer d-inline-flex h-element\"><a h-use-smooth-scroll=\"true\" href=\"https:\/\/www.spectreone.fr\/?page_id=35\"  data-colibri-id=\"34-c30\" class=\"d-flex w-100 align-items-center h-link style-324 style-local-34-c30 position-relative\"><!----><!----> <span>En savoir plus<\/span><\/a>\n                  <\/span>\n                <\/div>\n              <\/div>\n            <\/div>\n          <\/div>\n        <\/div>\n      <\/div>\n    <\/div>\n  <\/div>\n<\/div>\n<\/div>","protected":false},"excerpt":{"rendered":"<p>ARTISTIQUE L&rsquo;\u00e9l\u00e9gance, la f\u00e9erie d&rsquo;un ciel de nuit chor\u00e9graphi\u00e9. GRANDIOSE Levons les yeux au ciel comme \u00e0&nbsp;la premi\u00e8re fois. NOVATEUR Nous inventons, r\u00e9inventons le ciel et faisons r\u00eaver vos publics. ECOLOGIQUE Notre objectif : z\u00e9ro pollution et pas d&rsquo;impact durable. Marquez les esprits Art et technologie n&rsquo;ont jamais fait si bon m\u00e9nage. Nous vous proposons [&hellip;]<\/p>\n","protected":false},"author":1,"featured_media":0,"parent":0,"menu_order":0,"comment_status":"closed","ping_status":"closed","template":"page-templates\/homepage.php","meta":[],"_links":{"self":[{"href":"https:\/\/www.spectreone.fr\/index.php?rest_route=\/wp\/v2\/pages\/34"}],"collection":[{"href":"https:\/\/www.spectreone.fr\/index.php?rest_route=\/wp\/v2\/pages"}],"about":[{"href":"https:\/\/www.spectreone.fr\/index.php?rest_route=\/wp\/v2\/types\/page"}],"author":[{"embeddable":true,"href":"https:\/\/www.spectreone.fr\/index.php?rest_route=\/wp\/v2\/users\/1"}],"replies":[{"embeddable":true,"href":"https:\/\/www.spectreone.fr\/index.php?rest_route=%2Fwp%2Fv2%2Fcomments&post=34"}],"version-history":[{"count":20,"href":"https:\/\/www.spectreone.fr\/index.php?rest_route=\/wp\/v2\/pages\/34\/revisions"}],"predecessor-version":[{"id":279,"href":"https:\/\/www.spectreone.fr\/index.php?rest_route=\/wp\/v2\/pages\/34\/revisions\/279"}],"wp:attachment":[{"href":"https:\/\/www.spectreone.fr\/index.php?rest_route=%2Fwp%2Fv2%2Fmedia&parent=34"}],"curies":[{"name":"wp","href":"https:\/\/api.w.org\/{rel}","templated":true}]}}